common divisor of 200 and 8.
8
Calculate the greatest common divisor of 5041 and 497.
71
What is the highest common divisor of 96 and 10416?
48
What is the highest common divisor of 437 and 19?
19
Calculate the highest common factor of 8 and 1120.
8
What is the greatest common divisor of 1404 and 60?
12
Calculate the greatest common factor of 30 and 12.
6
What is the greatest common factor of 28 and 8596?
28
What is the highest common factor of 1631 and 14?
7
What is the greatest common divisor of 9 and 2259?
9
Calculate the highest common factor of 1472 and 276.
92
What is the highest common divisor of 377 and 26?
13
Calculate the greatest common factor of 2 and 274.
2
What is the highest common factor of 682 and 22?
22
Calculate the highest common divisor of 8 and 2680.
8
What is the highest common factor of 6372 and 144?
36
Calculate the highest common divisor of 1760 and 715.
55
Calculate the greatest common factor of 784 and 245.
49
Calculate the highest common factor of 40 and 56.
8
What is the greatest common factor of 216 and 1458?
54
Calculate the highest common factor of 266 and 76.
38
Calculate the highest common factor of 342 and 18.
18
Calculate the highest common divisor of 891 and 66.
33
What is the greatest common factor of 11 and 1661?
11
What is the highest common factor of 2778 and 18?
6
Calculate the greatest common factor of 9 and 801.
9
Calculate the greatest common factor of 236 and 177.
59
Calculate the highest common divisor of 201 and 1943.
67
What is the greatest common factor of 52 and 16484?
52
What is the greatest common divisor of 14 and 3507?
7
What is the highest common divisor of 72 and 27?
9
What is the greatest common divisor of 1184 and 112?
16
Calculate the greatest common factor of 44 and 21054.
22
What is the greatest common divisor of 1139 and 51?
17
What is the highest common factor of 4 and 2028?
4
Calculate the greatest common factor of 204 and 96.
12
What is the highest common divisor of 15 and 120?
15
Calculate the highest common factor of 50 and 400.
50
What is the highest common factor of 3 and 2949?
3
Calculate the greatest common divisor of 30483 and 27.
27
What is the highest common factor of 128 and 800?
32
Calculate the greatest common divisor of 38 and 19.
19
Calculate the greatest common factor of 114 and 171.
57
What is the highest common divisor of 63 and 7?
7
What is the highest common factor of 2685 and 15?
15
Calculate the highest common divisor of 2770 and 10.
10
Calculate the greatest common divisor of 60 and 216.
12
Calculate the greatest common divisor of 44663 and 59.
59
What is the highest common divisor of 91 and 208?
13
Calculate the highest common factor of 21 and 6.
3
Calculate the greatest common divisor of 78573 and 33.
33
What is the highest common factor of 160 and 128?
32
Calculate the highest common factor of 171 and 171.
171
Calculate the greatest common factor of 56327 and 62.
31
What is the highest common factor of 10 and 1280?
10
What is the greatest common divisor of 715 and 55?
55
What is the greatest common factor of 96 and 224?
32
What is the highest common divisor of 16 and 432?
16
What is the greatest common divisor of 69 and 161?
23
What is the highest common divisor of 51 and 1632?
51
Calculate the highest common factor of 100 and 300.
100
What is the highest common factor of 4980 and 120?
60
Calculate the greatest common divisor of 46 and 10.
2
What is the greatest common factor of 808 and 256?
8
Calculate the greatest common divisor of 26 and 8047.
13
Calculate the highest common factor of 175 and 63.
7
Calculate the greatest common factor of 3492 and 90.
18
Calculate the highest common factor of 14061 and 86.
43
Calculate the greatest common factor of 82 and 4.
2
Calculate the greatest common factor of 958 and 2.
2
Calculate the highest common divisor of 299 and 46.
23
Calculate the greatest common divisor of 2162 and 92.
46
Calculate the highest common divisor of 504 and 54.
18
What is the highest common factor of 37 and 37?
37
What is the highest common factor of 2 and 1024?
2
Calculate the highest common divisor of 34889 and 139.
139
What is the greatest common factor of 26 and 130?
26
Calculate the highest common divisor of 33 and 858.
33
Calculate the greatest common divisor of 15965 and 465.
155
What is the greatest common divisor of 168 and 3444?
84
What is the greatest common divisor of 1280 and 40?
40
Calculate the highest common divisor of 55 and 8569.
11
Calculate the highest common factor of 486 and 28.
2
Calculate the highest common divisor of 50 and 4050.
50
What is the greatest common factor of 72 and 216?
72
What is the greatest common factor of 350 and 250?
50
What is the highest common divisor of 17 and 64073?
17
Calculate the highest common factor of 27594 and 27.
27
Calculate the highest common factor of 10 and 40290.
10
Calculate the greatest common factor of 7595 and 62.
31
Calculate the highest common factor of 168 and 24.
24
What is the highest common factor of 200 and 248?
8
Calculate the greatest common factor of 44 and 32.
4
What is the highest common divisor of 1456 and 1729?
91
What is the greatest common divisor of 240 and 195?
15
Calculate the highest common factor of 2224 and 16.
16
Calculate the highest common divisor of 195 and 11271.
39
Calculate the highest common divisor of 38 and 247.
19
What is the greatest common divisor of 88 and 40?
8
Calculate the highest common divisor of 108 and 3942.
54
Calculate the greatest common divisor of 77 and 231.
77
Calculate the greatest common divisor of 6 and 64.
2
What is the greatest common factor of 160 and 30?
10
Calculate the highest common factor of 1127 and 253.
23
Calculate the highest common factor of 68 and 12.
4
What is the greatest common divisor of 126 and 36?
18
Calculate the highest common divisor of 990 and 2340.
90
What is the highest common divisor of 106 and 53?
53
Calculate the highest common divisor of 244 and 183.
61
Calculate the greatest common divisor of 22 and 68.
2
Calculate the greatest common factor of 112 and 7.
7
Calculate the greatest common divisor of 14 and 182.
14
What is the greatest common divisor of 572 and 312?
52
What is the highest common factor of 40 and 2260?
20
What is the highest common divisor of 222 and 148?
74
What is the greatest common factor of 70 and 290?
10
What is the highest common divisor of 76535 and 5?
5
Calculate the greatest common factor of 4 and 164.
4
Calculate the highest common factor of 7 and 287.
7
What is the greatest common factor of 81 and 45?
9
Calculate the highest common divisor of 212 and 2809.
53
What is the greatest common divisor of 184 and 1748?
92
Calculate the highest common factor of 400 and 160.
80
What is the greatest common factor of 364 and 42?
14
Calculate the highest common factor of 38401 and 11.
11
Calculate the highest common factor of 32 and 8864.
32
What is the highest common factor of 636 and 6148?
212
What is the highest common factor of 24 and 75?
3
What is the greatest common divisor of 21 and 2121?
21
Calculate the greatest common factor of 47867 and 317.
317
Calculate the greatest common divisor of 32 and 16.
16
Calculate the greatest common factor of 110 and 154.
22
Calculate the greatest common factor of 721 and 7.
7
What is the highest common divisor of 23 and 19?
1
Calculate the highest common divisor of 3 and 1.
1
What is the greatest common divisor of 244 and 9089?
61
What is the highest common divisor of 98 and 35?
7
Calculate the greatest common factor of 119 and 21.
7
Calculate the highest common factor of 63349 and 143.
143
What is the highest common factor of 9607 and 13?
13
What is the highest common divisor of 930 and 1590?
30
Calculate the greatest common factor of 3768 and 48.
24
Calculate the highest common factor of 75 and 175.
25
Calculate the greatest common divisor of 129 and 9546.
129
Calculate the greatest common factor of 1430 and 1870.
110
Calculate the greatest common divisor of 7 and 1113.
7
Calculate the greatest common factor of 304 and 16.
16
What is the greatest common factor of 224 and 1696?
32
What is the highest common factor of 2101 and 121?
11
What is the highest common divisor of 3664 and 16?
16
What is the highest common factor of 28 and 244?
